 divisor of 608 and 114.
38
What is the highest common factor of 2 and 268?
2
Calculate the highest common divisor of 155 and 2356.
31
What is the highest common divisor of 475 and 38?
19
Calculate the greatest common divisor of 95 and 152.
19
What is the greatest common divisor of 69 and 5888?
23
Calculate the highest common factor of 42 and 1008.
42
Calculate the highest common divisor of 3170 and 20.
10
Calculate the greatest common factor of 33 and 2156.
11
What is the greatest common factor of 18 and 114?
6
What is the highest common factor of 218 and 8938?
218
Calculate the greatest common factor of 1424 and 16.
16
Calculate the greatest common divisor of 3447 and 36.
9
What is the greatest common divisor of 115 and 1449?
23
What is the highest common factor of 80 and 20?
20
Calculate the greatest common divisor of 21 and 3171.
21
Calculate the greatest common divisor of 6054 and 6.
6
What is the greatest common divisor of 8 and 244?
4
What is the highest common divisor of 204 and 714?
102
Calculate the greatest common factor of 370 and 259.
37
What is the greatest common divisor of 184 and 208?
8
What is the highest common factor of 25 and 675?
25
Calculate the greatest common factor of 1692 and 96.
12
Calculate the highest common divisor of 24 and 248.
8
What is the greatest common factor of 476 and 1638?
14
Calculate the highest common factor of 510 and 29988.
102
Calculate the highest common factor of 22 and 22.
22
Calculate the greatest common factor of 14 and 6223.
7
Calculate the highest common factor of 48 and 6540.
12
What is the highest common factor of 63 and 1491?
21
What is the greatest common factor of 325 and 26?
13
What is the highest common divisor of 1 and 5?
1
Calculate the highest common divisor of 140 and 252.
28
What is the greatest common divisor of 198 and 693?
99
Calculate the highest common factor of 4276 and 4.
4
What is the greatest common factor of 391 and 23?
23
What is the greatest common divisor of 148 and 8?
4
Calculate the greatest common divisor of 28848 and 48.
48
What is the highest common divisor of 60 and 375?
15
Calculate the highest common factor of 9520 and 105.
35
What is the greatest common factor of 98 and 2?
2
What is the highest common divisor of 435 and 6?
3
Calculate the greatest common factor of 75 and 115.
5
What is the greatest common divisor of 112 and 216?
8
What is the highest common factor of 90 and 4890?
30
Calculate the greatest common divisor of 52 and 715.
13
Calculate the highest common divisor of 255 and 120.
15
What is the highest common divisor of 240 and 640?
80
Calculate the greatest common factor of 560 and 630.
70
Calculate the highest common divisor of 141 and 19317.
141
Calculate the greatest common factor of 200 and 280.
40
Calculate the highest common divisor of 14 and 448.
14
Calculate the greatest common factor of 282 and 94.
94
Calculate the highest common factor of 4136 and 704.
88
What is the greatest common factor of 285 and 190?
95
Calculate the highest common factor of 77 and 143.
11
Calculate the greatest common factor of 6 and 134.
2
What is the greatest common factor of 6534 and 44?
22
Calculate the highest common divisor of 546 and 126.
42
What is the greatest common factor of 980 and 56?
28
Calculate the greatest common factor of 714 and 102.
102
What is the highest common factor of 16 and 112?
16
What is the highest common factor of 54 and 6?
6
What is the greatest common divisor of 5700 and 684?
228
What is the highest common divisor of 1285 and 29812?
257
Calculate the greatest common divisor of 20703 and 201.
201
What is the greatest common factor of 20277 and 27?
27
What is the highest common divisor of 625 and 100?
25
What is the greatest common factor of 5698 and 148?
74
What is the highest common factor of 60 and 3460?
20
What is the greatest common divisor of 30 and 550?
10
Calculate the greatest common factor of 58 and 11513.
29
Calculate the highest common divisor of 178 and 1.
1
Calculate the greatest common factor of 3243 and 115.
23
Calculate the greatest common factor of 29 and 7.
1
What is the highest common factor of 455 and 1015?
35
Calculate the highest common divisor of 17411 and 46.
23
Calculate the highest common divisor of 74 and 185.
37
Calculate the highest common divisor of 9429 and 21.
21
Calculate the greatest common divisor of 45 and 3360.
15
Calculate the highest common factor of 24 and 984.
24
What is the greatest common divisor of 58 and 4?
2
Calculate the highest common divisor of 221 and 39.
13
What is the highest common divisor of 78 and 11024?
26
Calculate the highest common divisor of 115 and 736.
23
What is the greatest common factor of 966 and 686?
14
What is the greatest common factor of 12 and 6?
6
Calculate the greatest common factor of 341 and 473.
11
Calculate the highest common divisor of 185 and 11.
1
Calculate the greatest common factor of 12 and 6582.
6
What is the highest common divisor of 19 and 7676?
19
What is the highest common factor of 570 and 75?
15
What is the greatest common factor of 894 and 6?
6
Calculate the greatest common divisor of 261 and 87.
87
Calculate the highest common factor of 304 and 16.
16
What is the greatest common divisor of 22 and 308?
22
Calculate the highest common divisor of 2 and 58.
2
Calculate the greatest common factor of 55 and 1441.
11
What is the highest common divisor of 149 and 1?
1
What is the highest common factor of 536 and 40?
8
Calculate the highest common factor of 60 and 156.
12
Calculate the greatest common divisor of 713 and 161.
23
Calculate the greatest common divisor of 406 and 58.
58
Calculate the highest common factor of 77 and 44.
11
Calculate the highest common factor of 95 and 684.
19
What is the greatest common factor of 8 and 8?
8
What is the greatest common factor of 39 and 9659?
13
What is the highest common factor of 279 and 27?
9
Calculate the highest common factor of 322 and 276.
46
Calculate the highest common factor of 581 and 332.
83
Calculate the greatest common divisor of 88 and 384.
8
What is the highest common factor of 2585 and 55?
55
Calculate the greatest common factor of 15 and 132.
3
Calculate the greatest common divisor of 80 and 3160.
40
Calculate the highest common factor of 551 and 437.
19
Calculate the greatest common divisor of 1230 and 15.
15
What is the highest common factor of 182 and 273?
91
Calculate the greatest common divisor of 41 and 2419.
41
Calculate the greatest common factor of 2091 and 34.
17
What is the greatest common divisor of 76 and 8?
4
What is the highest common factor of 320 and 60?
20
What is the highest common factor of 171 and 72?
9
Calculate the greatest common factor of 182 and 1946.
14
What is the greatest common factor of 2318 and 2806?
122
What is the highest common factor of 234 and 390?
78
Calculate the greatest common factor of 122 and 1159.
61
Calculate the greatest common factor of 2058 and 12.
6
Calculate the greatest common divisor of 510 and 1122.
102
What is the greatest common factor of 3973 and 29?
29
Calculate the highest common factor of 420 and 60.
60
What is the highest common factor of 250 and 475?
25
What is the highest common factor of 114 and 7334?
38
Calculate the greatest common factor of 152 and 200.
8
What is the highest common divisor of 46 and 1058?
46
Calculate the highest common factor of 136 and 3332.
68
Calculate the highest common factor of 1050 and 400.
50
What is the highest common factor of 3034 and 148?
74
Calculate the highest common divisor of 684 and 14820.
228
What is the highest common factor of 4140 and 60?
60
What is the greatest common divisor of 365 and 9125?
365
What is the greatest common divisor of 41 and 4?
1
Calculate the highest common factor of 198 and 6600.
66
Calculate the highest common factor of 35 and 665.
35
What is the highest common factor of 196 and 147?
49
What is the greatest common divisor of 20 and 2455?
5
What is the highest common factor of 55 and 44?
11
Calculate the greatest common divisor of 6118 and 399.
133
What is the greatest common divisor of 510 and 480?
30
What is the highest common divisor of 1650 and 45?
15
What is the greatest common divisor of 20 and 55?
5
Calculate the highest common divisor of 44 and 374.
22
Wh